{"id":401,"date":"2026-04-16T10:10:09","date_gmt":"2026-04-16T08:10:09","guid":{"rendered":"http:\/\/s320074363.mialojamiento.es\/espa_produccion\/cosital\/?page_id=401"},"modified":"2026-04-16T10:12:49","modified_gmt":"2026-04-16T08:12:49","slug":"acerca-de-nuestras-acciones-formativas","status":"publish","type":"page","link":"http:\/\/s320074363.mialojamiento.es\/espa_produccion\/cosital\/acerca-de-nuestras-acciones-formativas\/","title":{"rendered":"Acerca de nuestras Acciones Formativas"},"content":{"rendered":"\t\t<div data-elementor-type=\"wp-page\" data-elementor-id=\"401\" class=\"elementor elementor-401\" data-elementor-post-type=\"page\">\n\t\t\t\t<div class=\"elementor-element elementor-element-1a553d8 e-flex e-con-boxed e-con e-parent\" data-id=\"1a553d8\" data-element_type=\"container\" data-e-type=\"container\">\n\t\t\t\t\t<div class=\"e-con-inner\">\n\t\t\t\t<div class=\"elementor-element elementor-element-5212f22 elementor-widget__width-inherit elementor-widget-mobile__width-inherit elementor-widget elementor-widget-heading\" data-id=\"5212f22\" data-element_type=\"widget\" data-e-type=\"widget\" data-widget_type=\"heading.default\">\n\t\t\t\t<div class=\"elementor-widget-container\">\n\t\t\t\t\t<h2 class=\"elementor-heading-title elementor-size-default\">Acerca de nuestras <span class=\"t-destacado\">Acciones Formativas<\/span> <\/h2>\t\t\t\t<\/div>\n\t\t\t\t<\/div>\n\t\t\t\t<div class=\"elementor-element elementor-element-8e6ef09 elementor-widget elementor-widget-text-editor\" data-id=\"8e6ef09\" data-element_type=\"widget\" data-e-type=\"widget\" data-widget_type=\"text-editor.default\">\n\t\t\t\t<div class=\"elementor-widget-container\">\n\t\t\t\t\t\t\t\t\tCOBERTURA ESPECIALIZADA PARA EL FHE Y PERSONAL ADSCRITO A LA FUNCI\u00d3N P\u00daBLICA\n\t\t\t\t\t\t\t\t<\/div>\n\t\t\t\t<\/div>\n\t\t\t\t\t<\/div>\n\t\t\t\t<\/div>\n\t\t<div class=\"elementor-element elementor-element-40d4db2 e-flex e-con-boxed e-con e-parent\" data-id=\"40d4db2\" data-element_type=\"container\" data-e-type=\"container\">\n\t\t\t\t\t<div class=\"e-con-inner\">\n\t\t<div class=\"elementor-element elementor-element-76b7e8e e-con-full e-flex e-con e-child\" data-id=\"76b7e8e\" data-element_type=\"container\" data-e-type=\"container\" data-settings=\"{&quot;background_background&quot;:&quot;classic&quot;}\">\n\t\t<div class=\"elementor-element elementor-element-3567800 e-con-full e-flex e-con e-child\" data-id=\"3567800\" data-element_type=\"container\" data-e-type=\"container\">\n\t\t\t\t<div class=\"elementor-element elementor-element-f928f2c elementor-widget elementor-widget-heading\" data-id=\"f928f2c\" data-element_type=\"widget\" data-e-type=\"widget\" data-widget_type=\"heading.default\">\n\t\t\t\t<div class=\"elementor-widget-container\">\n\t\t\t\t\t<h3 class=\"elementor-heading-title elementor-size-default\">HOMOLOGACI\u00d3N<\/h3>\t\t\t\t<\/div>\n\t\t\t\t<\/div>\n\t\t\t\t<div class=\"elementor-element elementor-element-5e2b785 elementor-widget elementor-widget-text-editor\" data-id=\"5e2b785\" data-element_type=\"widget\" data-e-type=\"widget\" data-widget_type=\"text-editor.default\">\n\t\t\t\t<div class=\"elementor-widget-container\">\n\t\t\t\t\t\t\t\t\t<p>Las acciones formativas que organiza este Colegio Territorial Cosital de Castell\u00f3n como entidad promotora de formaci\u00f3n que deban ser homologadas, estar\u00e1n a lo dispuesto en lo previsto en la Orden 10\/2010, de 2 de julio, de la Conselleria de Justicia y Administraciones P\u00fablicas, por la que se regulan los requisitos y el procedimiento para la homologaci\u00f3n de acciones formativas dirigidas al personal de las administraciones e instituciones de la Comunitat Valenciana (DOCV n\u00fam. 6310 \/ 14.07.2010 [p\u00e1g. 28014-28021]). Adem\u00e1s de la propia homologaci\u00f3n que se le conceda a los cursos por el Instituto Valenciano de Administraci\u00f3n P\u00fablica (IVAP), en particular, para los funcionarios de carrera de la Administraci\u00f3n Local con habilitaci\u00f3n de car\u00e1cter estatal, y a los efectos de lo previsto en el art. 1.D de la Orden del Ministerio para las Administraciones P\u00fablicas de 10 de agosto de 1994 (BOE n\u00fam. 192, de 12 de agosto), se les otorgar\u00e1 tambi\u00e9n la correspondiente valoraci\u00f3n de m\u00e9ritos generales, incluyendo en su caso, si procede, los m\u00e9ritos de determinaci\u00f3n auton\u00f3mica concedidos por la Direcci\u00f3n General de Administraci\u00f3n Local. As\u00ed pues, y atendiendo a lo dispuesto en el art. 7, de la citada Orden 10\/2010, de 2 de julio, a la finalizaci\u00f3n de cada curso el Colegio Territorial expedir\u00e1 a los participantes y profesores los certificados de asistencia al mismo o de aprovechamiento, en su caso, siempre y cuando se acredite la asistencia a un 85%, como m\u00ednimo, de la duraci\u00f3n total del curso, as\u00ed como, en su caso, haber realizado las tareas obligatorias fijadas en los programas o encomendadas por el tutor o profesor.<\/p>\t\t\t\t\t\t\t\t<\/div>\n\t\t\t\t<\/div>\n\t\t\t\t<\/div>\n\t\t<div class=\"elementor-element elementor-element-0c9e1b5 e-con-full e-flex e-con e-child\" data-id=\"0c9e1b5\" data-element_type=\"container\" data-e-type=\"container\">\n\t\t\t\t<div class=\"elementor-element elementor-element-0561faa elementor-widget elementor-widget-heading\" data-id=\"0561faa\" data-element_type=\"widget\" data-e-type=\"widget\" data-widget_type=\"heading.default\">\n\t\t\t\t<div class=\"elementor-widget-container\">\n\t\t\t\t\t<h3 class=\"elementor-heading-title elementor-size-default\">DESTINATARIOS\n<\/h3>\t\t\t\t<\/div>\n\t\t\t\t<\/div>\n\t\t\t\t<div class=\"elementor-element elementor-element-4dcbebf elementor-widget elementor-widget-text-editor\" data-id=\"4dcbebf\" data-element_type=\"widget\" data-e-type=\"widget\" data-widget_type=\"text-editor.default\">\n\t\t\t\t<div class=\"elementor-widget-container\">\n\t\t\t\t\t\t\t\t\t<p>Ofrecemos una cobertura especializada de formaci\u00f3n dirigida a los funcionarios de la Administraci\u00f3n Local con habilitaci\u00f3n de car\u00e1cter estatal, y dem\u00e1s empleados p\u00fablicos de las administraciones e instituciones de la Comunitat Valenciana (TAG-TAE); que incluye a concejales y responsables pol\u00edticos, adem\u00e1s de profesionales liberales y estudiantes que sientan inquietud por completar o actualizar sus conocimientos.<\/p>\t\t\t\t\t\t\t\t<\/div>\n\t\t\t\t<\/div>\n\t\t\t\t<div class=\"elementor-element elementor-element-bfc2694 elementor-widget elementor-widget-heading\" data-id=\"bfc2694\" data-element_type=\"widget\" data-e-type=\"widget\" data-widget_type=\"heading.default\">\n\t\t\t\t<div class=\"elementor-widget-container\">\n\t\t\t\t\t<h3 class=\"elementor-heading-title elementor-size-default\">EXPERIENCIA Y RESULTADOS\n<\/h3>\t\t\t\t<\/div>\n\t\t\t\t<\/div>\n\t\t\t\t<div class=\"elementor-element elementor-element-96e6caf elementor-widget elementor-widget-text-editor\" data-id=\"96e6caf\" data-element_type=\"widget\" data-e-type=\"widget\" data-widget_type=\"text-editor.default\">\n\t\t\t\t<div class=\"elementor-widget-container\">\n\t\t\t\t\t\t\t\t\t<p>M\u00e1s de 25 a\u00f1os dedicados a la formaci\u00f3n homologada en colaboraci\u00f3n, desde sus propios inicios, con el Instituto Valenciano de Administraci\u00f3n P\u00fablica (IVAP), avalan el \u00e9xito obtenido por el Colegio Territorial no solo en lo que a la propia capacidad de organizaci\u00f3n se refiere, sino tambi\u00e9n en cuanto a la calidad docente del profesorado seleccionado para el reciclaje y perfeccionamiento profesional impartido a los distintos participantes, como as\u00ed lo demuestran los alumnos que desde el a\u00f1o 1991 han formado parte en nuestras diversas acciones formativas.<\/p>\t\t\t\t\t\t\t\t<\/div>\n\t\t\t\t<\/div>\n\t\t\t\t<\/div>\n\t\t\t\t<\/div>\n\t\t\t\t\t<\/div>\n\t\t\t\t<\/div>\n\t\t\t\t<\/div>\n\t\t","protected":false},"excerpt":{"rendered":"<p>Acerca de nuestras Acciones Formativas COBERTURA ESPECIALIZADA PARA EL FHE Y PERSONAL ADSCRITO A LA FUNCI\u00d3N P\u00daBLICA HOMOLOGACI\u00d3N Las acciones formativas que organiza este Colegio Territorial Cosital de Castell\u00f3n como entidad promotora de formaci\u00f3n que deban ser homologadas, estar\u00e1n a lo dispuesto en lo previsto en la Orden 10\/2010, de 2 de julio, de la &#8230; <a title=\"Acerca de nuestras Acciones Formativas\" class=\"read-more\" href=\"http:\/\/s320074363.mialojamiento.es\/espa_produccion\/cosital\/acerca-de-nuestras-acciones-formativas\/\" aria-label=\"Leer m\u00e1s sobre Acerca de nuestras Acciones Formativas\">Leer m\u00e1s<\/a><\/p>\n","protected":false},"author":2,"featured_media":0,"parent":0,"menu_order":0,"comment_status":"closed","ping_status":"closed","template":"elementor_header_footer","meta":{"_acf_changed":false,"footnotes":""},"class_list":["post-401","page","type-page","status-publish"],"acf":[],"_links":{"self":[{"href":"http:\/\/s320074363.mialojamiento.es\/espa_produccion\/cosital\/wp-json\/wp\/v2\/pages\/401","targetHints":{"allow":["GET"]}}],"collection":[{"href":"http:\/\/s320074363.mialojamiento.es\/espa_produccion\/cosital\/wp-json\/wp\/v2\/pages"}],"about":[{"href":"http:\/\/s320074363.mialojamiento.es\/espa_produccion\/cosital\/wp-json\/wp\/v2\/types\/page"}],"author":[{"embeddable":true,"href":"http:\/\/s320074363.mialojamiento.es\/espa_produccion\/cosital\/wp-json\/wp\/v2\/users\/2"}],"replies":[{"embeddable":true,"href":"http:\/\/s320074363.mialojamiento.es\/espa_produccion\/cosital\/wp-json\/wp\/v2\/comments?post=401"}],"version-history":[{"count":4,"href":"http:\/\/s320074363.mialojamiento.es\/espa_produccion\/cosital\/wp-json\/wp\/v2\/pages\/401\/revisions"}],"predecessor-version":[{"id":405,"href":"http:\/\/s320074363.mialojamiento.es\/espa_produccion\/cosital\/wp-json\/wp\/v2\/pages\/401\/revisions\/405"}],"wp:attachment":[{"href":"http:\/\/s320074363.mialojamiento.es\/espa_produccion\/cosital\/wp-json\/wp\/v2\/media?parent=401"}],"curies":[{"name":"wp","href":"https:\/\/api.w.org\/{rel}","templated":true}]}}

<div data-elementor-type="wp-page" data-elementor-id="401" class="elementor elementor-401" data-elementor-post-type="page">
				<div class="elementor-element elementor-element-1a553d8 e-flex e-con-boxed e-con e-parent" data-id="1a553d8" data-element_type="container" data-e-type="container">
					<div class="e-con-inner">
				<div class="elementor-element elementor-element-5212f22 elementor-widget__width-inherit elementor-widget-mobile__width-inherit elementor-widget elementor-widget-heading" data-id="5212f22" data-element_type="widget" data-e-type="widget" data-widget_type="heading.default">
				<div class="elementor-widget-container">
					<h2 class="elementor-heading-title elementor-size-default">Acerca de nuestras <span class="t-destacado">Acciones Formativas</span> </h2>				</div>
				</div>
				<div class="elementor-element elementor-element-8e6ef09 elementor-widget elementor-widget-text-editor" data-id="8e6ef09" data-element_type="widget" data-e-type="widget" data-widget_type="text-editor.default">
				<div class="elementor-widget-container">
									COBERTURA ESPECIALIZADA PARA EL FHE Y PERSONAL ADSCRITO A LA FUNCIÓN PÚBLICA
								</div>
				</div>
					</div>
				</div>
		<div class="elementor-element elementor-element-40d4db2 e-flex e-con-boxed e-con e-parent" data-id="40d4db2" data-element_type="container" data-e-type="container">
					<div class="e-con-inner">
		<div class="elementor-element elementor-element-76b7e8e e-con-full e-flex e-con e-child" data-id="76b7e8e" data-element_type="container" data-e-type="container" data-settings="{&quot;background_background&quot;:&quot;classic&quot;}">
		<div class="elementor-element elementor-element-3567800 e-con-full e-flex e-con e-child" data-id="3567800" data-element_type="container" data-e-type="container">
				<div class="elementor-element elementor-element-f928f2c elementor-widget elementor-widget-heading" data-id="f928f2c" data-element_type="widget" data-e-type="widget" data-widget_type="heading.default">
				<div class="elementor-widget-container">
					<h3 class="elementor-heading-title elementor-size-default">HOMOLOGACIÓN</h3>				</div>
				</div>
				<div class="elementor-element elementor-element-5e2b785 elementor-widget elementor-widget-text-editor" data-id="5e2b785" data-element_type="widget" data-e-type="widget" data-widget_type="text-editor.default">
				<div class="elementor-widget-container">
									<p>Las acciones formativas que organiza este Colegio Territorial Cosital de Castellón como entidad promotora de formación que deban ser homologadas, estarán a lo dispuesto en lo previsto en la Orden 10/2010, de 2 de julio, de la Conselleria de Justicia y Administraciones Públicas, por la que se regulan los requisitos y el procedimiento para la homologación de acciones formativas dirigidas al personal de las administraciones e instituciones de la Comunitat Valenciana (DOCV núm. 6310 / 14.07.2010 [pág. 28014-28021]). Además de la propia homologación que se le conceda a los cursos por el Instituto Valenciano de Administración Pública (IVAP), en particular, para los funcionarios de carrera de la Administración Local con habilitación de carácter estatal, y a los efectos de lo previsto en el art. 1.D de la Orden del Ministerio para las Administraciones Públicas de 10 de agosto de 1994 (BOE núm. 192, de 12 de agosto), se les otorgará también la correspondiente valoración de méritos generales, incluyendo en su caso, si procede, los méritos de determinación autonómica concedidos por la Dirección General de Administración Local. Así pues, y atendiendo a lo dispuesto en el art. 7, de la citada Orden 10/2010, de 2 de julio, a la finalización de cada curso el Colegio Territorial expedirá a los participantes y profesores los certificados de asistencia al mismo o de aprovechamiento, en su caso, siempre y cuando se acredite la asistencia a un 85%, como mínimo, de la duración total del curso, así como, en su caso, haber realizado las tareas obligatorias fijadas en los programas o encomendadas por el tutor o profesor.</p>								</div>
				</div>
				</div>
		<div class="elementor-element elementor-element-0c9e1b5 e-con-full e-flex e-con e-child" data-id="0c9e1b5" data-element_type="container" data-e-type="container">
				<div class="elementor-element elementor-element-0561faa elementor-widget elementor-widget-heading" data-id="0561faa" data-element_type="widget" data-e-type="widget" data-widget_type="heading.default">
				<div class="elementor-widget-container">
					<h3 class="elementor-heading-title elementor-size-default">DESTINATARIOS
</h3>				</div>
				</div>
				<div class="elementor-element elementor-element-4dcbebf elementor-widget elementor-widget-text-editor" data-id="4dcbebf" data-element_type="widget" data-e-type="widget" data-widget_type="text-editor.default">
				<div class="elementor-widget-container">
									<p>Ofrecemos una cobertura especializada de formación dirigida a los funcionarios de la Administración Local con habilitación de carácter estatal, y demás empleados públicos de las administraciones e instituciones de la Comunitat Valenciana (TAG-TAE); que incluye a concejales y responsables políticos, además de profesionales liberales y estudiantes que sientan inquietud por completar o actualizar sus conocimientos.</p>								</div>
				</div>
				<div class="elementor-element elementor-element-bfc2694 elementor-widget elementor-widget-heading" data-id="bfc2694" data-element_type="widget" data-e-type="widget" data-widget_type="heading.default">
				<div class="elementor-widget-container">
					<h3 class="elementor-heading-title elementor-size-default">EXPERIENCIA Y RESULTADOS
</h3>				</div>
				</div>
				<div class="elementor-element elementor-element-96e6caf elementor-widget elementor-widget-text-editor" data-id="96e6caf" data-element_type="widget" data-e-type="widget" data-widget_type="text-editor.default">
				<div class="elementor-widget-container">
									<p>Más de 25 años dedicados a la formación homologada en colaboración, desde sus propios inicios, con el Instituto Valenciano de Administración Pública (IVAP), avalan el éxito obtenido por el Colegio Territorial no solo en lo que a la propia capacidad de organización se refiere, sino también en cuanto a la calidad docente del profesorado seleccionado para el reciclaje y perfeccionamiento profesional impartido a los distintos participantes, como así lo demuestran los alumnos que desde el año 1991 han formado parte en nuestras diversas acciones formativas.</p>								</div>
				</div>
				</div>
				</div>
					</div>
				</div>
				</div>

<p>Acerca de nuestras Acciones Formativas COBERTURA ESPECIALIZADA PARA EL FHE Y PERSONAL ADSCRITO A LA FUNCIÓN PÚBLICA HOMOLOGACIÓN Las acciones formativas que organiza este Colegio Territorial Cosital de Castellón como entidad promotora de formación que deban ser homologadas, estarán a lo dispuesto en lo previsto en la Orden 10/2010, de 2 de julio, de la &#8230; <a title="Acerca de nuestras Acciones Formativas" class="read-more" href="http://s320074363.mialojamiento.es/espa_produccion/cosital/acerca-de-nuestras-acciones-formativas/" aria-label="Leer más sobre Acerca de nuestras Acciones Formativas">Leer más</a></p>
